{"id":7556,"date":"2018-06-27T18:18:07","date_gmt":"2018-06-27T18:18:07","guid":{"rendered":"http:\/\/www.nms-fuerstenfeld.at\/wordpress\/?page_id=7556"},"modified":"2021-03-23T09:40:11","modified_gmt":"2021-03-23T09:40:11","slug":"dsgvo","status":"publish","type":"page","link":"http:\/\/www.nms-fuerstenfeld.at\/wordpress\/?page_id=7556","title":{"rendered":"DSGVO"},"content":{"rendered":"<div class=\"csc-header csc-header-n1\">\n<h1 class=\"csc-firstHeader\"><span style=\"font-family: arial, helvetica, sans-serif;\"><span style=\"font-size: 18pt; color: #00b0f0;\">Datenschutzerkl\u00e4rung<\/span>&nbsp;<\/span><\/h1>\n<\/div>\n<p style=\"text-align: justify;\"><span style=\"font-family: arial, helvetica, sans-serif;\">Die Mittelschule F\u00fcrstenfeld ist sich seiner Verantwortung bei der Verarbeitung personenbezogener Daten bewusst und verpflichtet sich daher im Rahmen ihrer gesellschaftlichen Verantwortung zur vollst\u00e4ndigen Einhaltung von Datenschutzrechten gem\u00e4\u00df DSGVO. Genaue Infos finden Sie unter folgendem Link:<\/span><\/p>\n<h1 style=\"text-align: center;\"><a href=\"https:\/\/bildung.bmbwf.gv.at\/schulen\/datenschutz\/index.html\"><span style=\"font-size: 18pt;\">Datenschutzinformation gem\u00e4\u00df Art. 12ff DSGVO<abbr title=\"Datenschutz-Grundverordnung\"><\/abbr><\/span><\/a><\/h1>\n<p>&nbsp;<\/p>\n<p><span style=\"font-family: arial, helvetica, sans-serif;\"><strong>Verantwortlich:<\/strong> Mittelschule F\u00fcrstenfeld<\/span><br \/>\n<span style=\"font-family: arial, helvetica, sans-serif;\"><strong>Kontaktadresse des Datenschutzbeauftragten:&nbsp;<\/strong><span style=\"font-family: arial, helvetica, sans-serif; font-size: 12pt;\">direktion@nms-fuerstenfeld.at<\/span><\/span><\/p>\n","protected":false},"excerpt":{"rendered":"<p>Datenschutzerkl\u00e4rung&nbsp; Die Mittelschule F\u00fcrstenfeld ist sich seiner Verantwortung bei der Verarbeitung personenbezogener Daten bewusst und verpflichtet sich daher im Rahmen<\/p>\n","protected":false},"author":1,"featured_media":0,"parent":0,"menu_order":0,"comment_status":"closed","ping_status":"closed","template":"","meta":{"ngg_post_thumbnail":0,"jetpack_post_was_ever_published":false},"jetpack_sharing_enabled":true,"jetpack_shortlink":"https:\/\/wp.me\/P9Zssw-1XS","_links":{"self":[{"href":"http:\/\/www.nms-fuerstenfeld.at\/wordpress\/index.php?rest_route=\/wp\/v2\/pages\/7556"}],"collection":[{"href":"http:\/\/www.nms-fuerstenfeld.at\/wordpress\/index.php?rest_route=\/wp\/v2\/pages"}],"about":[{"href":"http:\/\/www.nms-fuerstenfeld.at\/wordpress\/index.php?rest_route=\/wp\/v2\/types\/page"}],"author":[{"embeddable":true,"href":"http:\/\/www.nms-fuerstenfeld.at\/wordpress\/index.php?rest_route=\/wp\/v2\/users\/1"}],"replies":[{"embeddable":true,"href":"http:\/\/www.nms-fuerstenfeld.at\/wordpress\/index.php?rest_route=%2Fwp%2Fv2%2Fcomments&post=7556"}],"version-history":[{"count":4,"href":"http:\/\/www.nms-fuerstenfeld.at\/wordpress\/index.php?rest_route=\/wp\/v2\/pages\/7556\/revisions"}],"predecessor-version":[{"id":8584,"href":"http:\/\/www.nms-fuerstenfeld.at\/wordpress\/index.php?rest_route=\/wp\/v2\/pages\/7556\/revisions\/8584"}],"wp:attachment":[{"href":"http:\/\/www.nms-fuerstenfeld.at\/wordpress\/index.php?rest_route=%2Fwp%2Fv2%2Fmedia&parent=7556"}],"curies":[{"name":"wp","href":"https:\/\/api.w.org\/{rel}","templated":true}]}}