{"id":6659,"date":"2018-06-11T19:28:59","date_gmt":"2018-06-11T19:28:59","guid":{"rendered":"http:\/\/www.nms-fuerstenfeld.at\/wordpress\/?page_id=6659"},"modified":"2025-04-07T09:05:45","modified_gmt":"2025-04-07T09:05:45","slug":"schulsozialarbeit","status":"publish","type":"page","link":"http:\/\/www.nms-fuerstenfeld.at\/wordpress\/?page_id=6659","title":{"rendered":"Schulsozialarbeit"},"content":{"rendered":"<p>&nbsp;<\/p>\n<p>&nbsp;<\/p>\n<p><span style=\"color: #00b0f0; font-family: arial, helvetica, sans-serif; font-size: 18pt;\"><strong>Mag. Carina Mogg <\/strong><\/span><strong><span style=\"font-family: arial, helvetica, sans-serif; font-size: 18pt;\">&#8211; Schulsozialarbeit<a href=\"http:\/\/www.nms-fuerstenfeld.at\/wordpress\/wp-content\/uploads\/2025\/04\/Foto-Carina.jpg\"><img decoding=\"async\" loading=\"lazy\" class=\"alignright wp-image-9666 size-medium\" src=\"http:\/\/www.nms-fuerstenfeld.at\/wordpress\/wp-content\/uploads\/2025\/04\/Foto-Carina-300x225.jpg\" alt=\"\" width=\"300\" height=\"225\" srcset=\"http:\/\/www.nms-fuerstenfeld.at\/wordpress\/wp-content\/uploads\/2025\/04\/Foto-Carina-300x225.jpg 300w, http:\/\/www.nms-fuerstenfeld.at\/wordpress\/wp-content\/uploads\/2025\/04\/Foto-Carina.jpg 600w\" sizes=\"(max-width: 300px) 100vw, 300px\" \/><\/a><\/span><\/strong><\/p>\n<p><strong><span style=\"font-family: arial, helvetica, sans-serif; font-size: 14pt;\">Beratungszeiten:<\/span><\/strong><\/p>\n<p><span style=\"font-family: arial, helvetica, sans-serif; font-size: 14pt;\">Donnerstag: 09.00 bis 13.00 Uhr<\/span><span style=\"font-family: arial, helvetica, sans-serif; font-size: 14pt;\"><br \/>\n<\/span><span style=\"font-family: arial, helvetica, sans-serif; font-size: 14pt;\">und nach Terminvereinbarung<br \/>\n<\/span><\/p>\n<p><strong>Kontakt:<\/strong><\/p>\n<p>E-mail: carina.mogg@caritas-steiermark.at<\/p>\n<p>Telefon: 0676 \/ 880157318<\/p>\n<p>&nbsp;<\/p>\n<p data-wp-editing=\"1\"><a href=\"https:\/\/www.caritas-steiermark.at\/schulsozialarbeit\/oststeiermarkhartberg-fuerstenfeld\/\" target=\"_blank\" rel=\"noopener noreferrer\">Hier<\/a> gehts zur Schulsozialarbeit Oststeiermark\/Hartberg &amp; F\u00fcrstenfeld (Kontakte, Aktuelles, uvm.).<\/p>\n<p>&nbsp;<\/p>\n<p><strong>Warum Schulsozialarbeit?<\/strong><\/p>\n<ul>\n<li>Die Anforderungen an unsere Kinder und Jugendliche haben zugenommen (Zukunfts\u00e4ngste, Konkurrenzkampf, Einsamkeit, neue Medien\u2026)&nbsp;<\/li>\n<li>Wir sind schulfremde Ansprechpersonen f\u00fcr Sch\u00fclerInnen, LehrerInnen und Eltern (Sprechstunde, Handy, E-Mail);<\/li>\n<li>Wir haben eine neutrale Funktion (Vermittlungsfunktion)&nbsp;<\/li>\n<li>Wir bieten Hilfe, Beratung, Unterst\u00fctzung vor Ort&nbsp;<\/li>\n<\/ul>\n<p><strong>&nbsp;Was ist Schulsozialarbeit?<\/strong><\/p>\n<ul>\n<li>Wir sind ein erg\u00e4nzendes Angebot zum bestehenden System&nbsp;<\/li>\n<li>Wir begleiten und unterst\u00fctzen alle Kinder und Jugendlichen beim erwachsen werden&nbsp;<\/li>\n<li>Wir haben immer ein offenes Ohr: Liebeskummer, Schulwechsel\/-einstieg, Mobbing, Gewalt, Freundschaften, Scheidung\u2026&nbsp;<\/li>\n<\/ul>\n<p>&nbsp;<\/p>\n<p><strong>Unsere Prinzipien sind:<\/strong><\/p>\n<ul>\n<li>Freiwilligkeit und Verschwiegenheit<\/li>\n<li>Beratung und Betreuung aller Sch\u00fclerInnen bei schulischen, famili\u00e4ren und pers\u00f6nlichen Anliegen<\/li>\n<li>Vernetzung mit LehrerInnen, Eltern\u2026 &nbsp;<\/li>\n<li>Gruppenarbeit und Projekte<\/li>\n<li>Krisenintervention<\/li>\n<li>Unterst\u00fctzung beim Finden von Konfliktl\u00f6sungen<\/li>\n<li>Zusammenarbeit mit sozialen Einrichtungen<\/li>\n<li>Pr\u00e4ventionsarbeit<\/li>\n<li>Informationsgespr\u00e4che<\/li>\n<\/ul>\n<p>&nbsp;<\/p>\n<p>Auf der Homepage der Schulsozialarbeit der Caritas Steiermark finden sich neben allgemeinen Informationen zu Schulsozialarbeit und den Mitarbeiter*innen ebenso Online-Vortr\u00e4ge zu relevanten Themen speziell f\u00fcr Eltern zum reinh\u00f6ren. Viel Spa\u00df!<\/p>\n<p>Link: <a href=\"https:\/\/www.caritas-steiermark.at\/schulsozialarbeit\">https:\/\/www.caritas-steiermark.at\/schulsozialarbeit<\/a><\/p>\n<p>&nbsp;<\/p>\n<p style=\"text-align: justify;\"><span style=\"font-family: arial, helvetica, sans-serif;\">Die t\u00e4glichen Anforderungen an Kinder und Jugendliche wachsen und ver\u00e4ndern sich st\u00e4ndig (ver\u00e4nderte Familienformen, Zukunfts\u00e4ngste, Facebook und Co, usw.). <strong>Schulsozialarbeit<\/strong> arbeitet direkt und kostenlos an der Schule und wirkt unterst\u00fctzend f\u00fcr Sch\u00fclerinnen und Sch\u00fcler, Eltern sowie Lehrerinnen und Lehrer.<\/span><\/p>\n<p style=\"text-align: justify;\"><span style=\"font-family: arial, helvetica, sans-serif;\">Zentrales Ziel von Schulsozialarbeit ist, Kinder und Jugendliche im Prozess des Erwachsenwerdens zu begleiten, sie bei einer f\u00fcr sie befriedigenden Lebensbew\u00e4ltigung zu unterst\u00fctzen und ihre Kompetenzen zur L\u00f6sung von pers\u00f6nlichen und sozialen Problemen zu f\u00f6rdern. In den Beratungen wird den jungen Menschen ein offenes Ohr f\u00fcr Sorgen und Probleme und Unterst\u00fctzung beim Finden von Konfliktl\u00f6sungen geboten.<\/span><\/p>\n<p><a href=\"http:\/\/www.nms-fuerstenfeld.at\/wordpress\/wp-content\/uploads\/2018\/06\/nmsff5.png\"><img decoding=\"async\" loading=\"lazy\" class=\"aligncenter size-large wp-image-6660\" src=\"http:\/\/www.nms-fuerstenfeld.at\/wordpress\/wp-content\/uploads\/2018\/06\/nmsff5-1024x768.png\" alt=\"\" width=\"800\" height=\"600\" srcset=\"http:\/\/www.nms-fuerstenfeld.at\/wordpress\/wp-content\/uploads\/2018\/06\/nmsff5.png 1024w, http:\/\/www.nms-fuerstenfeld.at\/wordpress\/wp-content\/uploads\/2018\/06\/nmsff5-300x225.png 300w, http:\/\/www.nms-fuerstenfeld.at\/wordpress\/wp-content\/uploads\/2018\/06\/nmsff5-768x576.png 768w\" sizes=\"(max-width: 800px) 100vw, 800px\" \/><\/a><\/p>\n<p style=\"text-align: justify;\"><span style=\"font-family: arial, helvetica, sans-serif;\">Die Grundpfeiler der Schulsozialarbeit sind <strong>Freiwilligkeit<\/strong>, <strong>Vertraulichkeit<\/strong> sowie die <strong>pr\u00e4ventive und ressourcenorientierte Arbeit<\/strong>. Durch Gruppenangebote wie Workshops und Projekte sowie durch Freizeitangebote wird Pr\u00e4ventionsarbeit geleistet. Informationen zu verschiedenen Themen wie Sucht, Pubert\u00e4t, Gesundheit usw.&nbsp; werden weitergegeben. Die Schulsozialarbeit unterst\u00fctzt in Krisensituationen und arbeitet auch mit sozialen Einrichtungen sowie Beh\u00f6rden zusammen und vermittelt auch bei Bedarf. Durch die Vernetzungsarbeit innerhalb der Schule und au\u00dferhalb und mit sozialen Institutionen wird die Grenze zwischen Schulischem und Au\u00dferschulischem verringert.<\/span><\/p>\n<p style=\"text-align: justify;\"><span style=\"font-family: arial, helvetica, sans-serif;\">Im Rahmen des <strong>JUGENDCOACHING<\/strong> werden alle Sch\u00fcler im 9. Schuljahr f\u00fcr ihre weiteren Wege in Berufe und Schulen unterst\u00fctzt. Zielgruppe sind vorwiegend aber Jugendliche, die abbruchsgef\u00e4hrdet sind. Das Coaching beruht auf Freiwilligkeit, es ist kostenlos und vertraulich und begleitet die Jugendlichen auch in den Sommer hinein. Im Bedarfsfall k\u00f6nnen auch die Eltern oder Lehrerinnen und Lehrer beigezogen werden.<\/span><\/p>\n<p><a href=\"http:\/\/www.nms-fuerstenfeld.at\/wordpress\/wp-content\/uploads\/2018\/06\/nmsff6.png\"><img decoding=\"async\" loading=\"lazy\" class=\"aligncenter size-large wp-image-6663\" src=\"http:\/\/www.nms-fuerstenfeld.at\/wordpress\/wp-content\/uploads\/2018\/06\/nmsff6-1024x768.png\" alt=\"\" width=\"800\" height=\"600\" srcset=\"http:\/\/www.nms-fuerstenfeld.at\/wordpress\/wp-content\/uploads\/2018\/06\/nmsff6.png 1024w, http:\/\/www.nms-fuerstenfeld.at\/wordpress\/wp-content\/uploads\/2018\/06\/nmsff6-300x225.png 300w, http:\/\/www.nms-fuerstenfeld.at\/wordpress\/wp-content\/uploads\/2018\/06\/nmsff6-768x576.png 768w\" sizes=\"(max-width: 800px) 100vw, 800px\" \/><\/a><\/p>\n<p style=\"text-align: justify;\">&nbsp;<\/p>\n<p>&nbsp;<\/p>\n<p>&nbsp;<\/p>\n<p style=\"text-align: justify;\">&nbsp;<\/p>\n","protected":false},"excerpt":{"rendered":"<p>&nbsp; &nbsp; Mag. Carina Mogg &#8211; Schulsozialarbeit Beratungszeiten: Donnerstag: 09.00 bis 13.00 Uhr und nach Terminvereinbarung Kontakt: E-mail: carina.mogg@caritas-steiermark.at Telefon:<\/p>\n","protected":false},"author":1,"featured_media":0,"parent":0,"menu_order":0,"comment_status":"closed","ping_status":"closed","template":"","meta":{"ngg_post_thumbnail":0,"jetpack_post_was_ever_published":false},"jetpack_sharing_enabled":true,"jetpack_shortlink":"https:\/\/wp.me\/P9Zssw-1Jp","_links":{"self":[{"href":"http:\/\/www.nms-fuerstenfeld.at\/wordpress\/index.php?rest_route=\/wp\/v2\/pages\/6659"}],"collection":[{"href":"http:\/\/www.nms-fuerstenfeld.at\/wordpress\/index.php?rest_route=\/wp\/v2\/pages"}],"about":[{"href":"http:\/\/www.nms-fuerstenfeld.at\/wordpress\/index.php?rest_route=\/wp\/v2\/types\/page"}],"author":[{"embeddable":true,"href":"http:\/\/www.nms-fuerstenfeld.at\/wordpress\/index.php?rest_route=\/wp\/v2\/users\/1"}],"replies":[{"embeddable":true,"href":"http:\/\/www.nms-fuerstenfeld.at\/wordpress\/index.php?rest_route=%2Fwp%2Fv2%2Fcomments&post=6659"}],"version-history":[{"count":16,"href":"http:\/\/www.nms-fuerstenfeld.at\/wordpress\/index.php?rest_route=\/wp\/v2\/pages\/6659\/revisions"}],"predecessor-version":[{"id":9667,"href":"http:\/\/www.nms-fuerstenfeld.at\/wordpress\/index.php?rest_route=\/wp\/v2\/pages\/6659\/revisions\/9667"}],"wp:attachment":[{"href":"http:\/\/www.nms-fuerstenfeld.at\/wordpress\/index.php?rest_route=%2Fwp%2Fv2%2Fmedia&parent=6659"}],"curies":[{"name":"wp","href":"https:\/\/api.w.org\/{rel}","templated":true}]}}